 of 27?
True
Does 3 divide 68859?
True
Does 71 divide 786363?
False
Is 2565965 a multiple of 14?
False
Is 19 a factor of 193344?
True
Does 9 divide 416275?
False
Does 135 divide 2354805?
True
Is 73335 a multiple of 197?
False
Is 10 a factor of 231515?
False
Is 287600 a multiple of 20?
True
Does 427 divide 165676?
True
Does 435 divide 4193835?
True
Is 270 a factor of 3288182?
False
Does 38 divide 1786?
True
Is 683 a factor of 162554?
True
Is 558250 a multiple of 70?
True
Is 18618 a multiple of 15?
False
Does 2 divide 14969?
False
Does 13 divide 395122?
True
Is 6 a factor of 4525332?
True
Is 68 a factor of 506361?
False
Is 275232 a multiple of 488?
True
Does 205 divide 88355?
True
Is 157 a factor of 251919?
False
Is 185431 a multiple of 9?
False
Is 16572294 a multiple of 18?
True
Does 8 divide 146665?
False
Is 1164651 a multiple of 23?
True
Does 71 divide 470747?
False
Does 379 divide 14229934?
True
Is 1177 a factor of 1495466?
False
Does 278 divide 1882338?
True
Does 11 divide 434700?
False
Is 911454 a multiple of 12?
False
Is 638231 a multiple of 12?
False
Is 9024216 a multiple of 11?
False
Is 2245305 a multiple of 89?
False
Does 315 divide 2376360?
True
Is 8422053 a multiple of 205?
False
Does 83 divide 447132?
False
Is 1729 a factor of 17740742?
False
Is 5 a factor of 132912?
False
Is 846265 a multiple of 35?
True
Is 618071 a multiple of 229?
True
Is 12 a factor of 23730532?
False
Is 22 a factor of 2372019?
False
Does 84 divide 15204?
True
Does 146 divide 5947602?
True
Is 923596 a multiple of 3?
False
Does 249 divide 1077174?
True
Is 4408 a multiple of 8?
True
Does 40 divide 73897?
False
Is 4 a factor of 373193?
False
Is 3 a factor of 245805?
True
Is 248183 a multiple of 101?
False
Is 241706 a multiple of 34?
True
Does 33 divide 423046?
False
Does 14 divide 23086?
True
Is 169640 a multiple of 20?
True
Does 4 divide 549366?
False
Does 94 divide 90366?
False
Is 168 a factor of 1315272?
True
Does 37 divide 148602?
False
Does 18 divide 206600?
False
Is 26538 a multiple of 67?
False
Is 52 a factor of 34698?
False
Does 43 divide 18160038?
False
Does 64 divide 823475?
False
Is 3058674 a multiple of 157?
True
Is 20 a factor of 31857?
False
Does 5 divide 2744443?
False
Does 202 divide 3624074?
False
Does 38 divide 217807?
False
Is 1137846 a multiple of 86?
False
Is 998208 a multiple of 77?
False
Does 163 divide 1562029?
True
Is 11 a factor of 360118?
True
Is 371688 a multiple of 102?
True
Is 5139245 a multiple of 463?
False
Is 11 a factor of 160039?
True
Is 66 a factor of 116272?
False
Is 1402537 a multiple of 94?
False
Does 5 divide 48603?
False
Is 108 a factor of 1576238?
False
Is 2643304 a multiple of 9?
False
Is 495757 a multiple of 35?
False
Is 451448 a multiple of 171?
False
Does 20 divide 118463?
False
Does 85 divide 165665?
True
Does 120 divide 10333920?
True
Does 17 divide 246500?
True
Is 134 a factor of 3131128?
False
Does 18 divide 124416?
True
Does 174 divide 1625816?
False
Does 898 divide 4701716?
False
Does 261 divide 121365?
True
Is 61 a factor of 150447?
False
Is 18761 a multiple of 20?
False
Is 314300 a multiple of 7?
True
Is 80024 a multiple of 14?
True
Is 334 a factor of 18036668?
True
Is 136748 a multiple of 17?
True
Is 2454408 a multiple of 2376?
True
Is 1514448 a multiple of 12?
True
Does 149 divide 2078103?
True
Is 8 a factor of 3073696?
True
Is 27990 a multiple of 4?
False
Is 12 a factor of 61805?
False
Is 1351918 a multiple of 2?
True
Is 24060660 a multiple of 78?
True
Is 241366 a multiple of 77?
False
Does 199 divide 115881?
False
Is 27 a factor of 37881?
True
Is 19 a factor of 579462?
True
Is 5926272 a multiple of 23?
True
Is 83376 a multiple of 72?
True
Does 30 divide 6581265?
False
Is 192899 a multiple of 49?
False
Is 12 a factor of 260340?
True
Does 201 divide 1681566?
True
Is 18 a factor of 181134?
True
Is 590375 a multiple of 16?
False
Does 3 divide 27795?
True
Is 708066 a multiple of 6?
True
Does 5 divide 27831?
False
Is 219 a factor of 859841?
False
Is 14 a factor of 4024586?
False
Does 1151 divide 1708933?
False
Is 7077044 a multiple of 26?
True
Does 8 divide 1712190?
False
Is 180 a factor of 833940?
True
Is 80 a factor of 14883?
False
Is 13818955 a multiple of 53?
True
Is 96673 a multiple of 29?
False
Is 5292 a multiple of 14?
True
Is 14 a factor of 4909744?
True
Is 900 a factor of 692456?
False
Does 1876 divide 12757877?
False
Does 20 divide 39900?
True
Is 217952 a multiple of 105?
False
Is 36948 a multiple of 2?
True
Does 3 divide 2059462?
False
Does 6 divide 21252?
True
Is 19 a factor of 313690?
True
Does 171 divide 109269?
True
Does 56 divide 8848?
True
Does 36 divide 5909845?
False
Is 10 a factor of 638341?
False
Does 71 divide 124665?
False
Is 1192407 a multiple of 8?
False
Is 23723 a multiple of 3?
False
Is 106 a factor of 339306?
True
Is 277 a factor of 256599?
False
Is 94472 a multiple of 7?
True
Does 74 divide 470139?
False
Is 3 a factor of 249858?
True
Does 872 divide 2058064?
False
Is 1434128 a multiple of 8?
True
Does 64 divide 76460?
False
Does 47 divide 4401080?
True
Is 947792 a multiple of 50?
False
Does 864 divide 2102976?
True
Does 26 divide 5223348?
True
Is 110220 a multiple of 11?
True
Does 3 divide 1235979?
True
Is 5 a factor of 108392?
False
Is 16 a factor of 418657?
False
Is 5 a factor of 7520?
True
Is 4 a factor of 24825?
False
Is 14 a factor of 142965?
False
Does 16 divide 1179696?
True
Does 7 divide 13083?
True
Does 10 divide 16205910?
True
Is 78 a factor of 5522946?
True
Is 24 a factor of 27888?
True
Does 11 divide 3100702?
True
Is 4803 even?
False
Is 3 a factor of 8957?
False
Is 36 a factor of 235116?
True
Is 250504 a multiple of 362?
True
Does 43 divide 415122?
True
Is 743 a factor of 9510400?
True
Does 113 divide 79665?
True
Does 99 divide 2066871?
False
Is 3 a factor of 419984?
False
Is 12 a factor of 175971?
False
Is 21 a factor of 531384?
True
Does 59 divide 1277350?
True
Is 410223 a multiple of 98?
False
Is 8653375 a multiple of 25?
True
Is 7310893 a multiple of 37?
False
Is 9090 a multiple of 90?
True
Does 906 divide 1845522?
True
Is 265 a factor of 24115?
True
Is 15905386 a multiple of 79?
True
Is 5 a factor of 483545?
True
Is 72250 a multiple of 50?
True
Does 39 divide 1393548?
True
Is 162 a factor of 2726026?
False
Is 472321 a multiple of 226?
False
Does 17 divide 119742?
False
Is 3380180 even?
True
Is 316748 a multiple of 251?
False
Is 785646 a multiple of 27?
True
Is 6 a factor of 1177764?
True
Does 8 divide 101296?
True
Does 10 divide 5638875?
False
Does 31 divide 7257844?
True
Is 2686330 a multiple of 761?
True
Does 1044 divide 4692872?
False
Is 665175 a multiple of 1329?
False
Does 47 divide 84694?
True
Is 54 a factor of 323190?
True
Is 908 a factor of 12431428?
True
Does 379 divide 16384549?
True
Does 41 divide 108581?
False
Does 569 divide 482201?
False
Is 7967268 a multiple of 13?
False
Is 508642 a multiple of 263?
True
Does 61 divide 592615?
True
Does 40 divide 948080?
True
Is 154768 a multiple of 43?
False
Does 59 divide 4211302?
True
Does 4 divide 50784?
True
Does 4 divide 21753?
False
Is 299 a factor of 3112889?
True
Is 9945090 a multiple of 58?
False
Is 107535 a multiple of 18?
False
Is 19 a factor of 273054?
False
Is 474 a factor of 7437588?
False
Is 56 a factor of 162526?
False
Does 156 divide 17979958?
False
Is 1026 a factor of 786942?
True
Is 128 a factor of 89080?
False
Is 6563 a multiple of 278?
False
Is 381472 a multiple of 112?
True
Does 75 divide 22483125?
True
Does 6 divide 222141?
False
Is 492 a multiple of 3?
True
Is 357 a factor of 1054935?
True
Is 27 a factor of 1817957?
False
Is 768292 a multiple of 2?
True
Is 6287392 a multiple of 842?
False
Is 111695 a multiple of 62?
False
Is 143 a factor of 7791927?
True
Is 35 a factor of 2749043?
False
Is 116 a factor of 258412?
False
Is 13 a factor of 4947240?
False
Is 4053654 a multiple of 99?
True
Is 13 a factor of 2074345?
True
Is 14 a factor of 4237688?
True
Does 6 divide 126636?
True
Is 2 a factor of 337985?
False
Is 37392 a multiple of 38?
True
Is 196 a factor of 104415?
False
Does 22 divide 830324?
True
Is 9 a factor of 311508?
True
Is 600099 a multiple of 689?
False
Is 7739079 a multiple of 276?
False
Is 25 a factor of 1029213?
False
Is 287993 a multiple of 97?
True
Is 313 a factor of 931180?
False